p**3 - 21*p**2 - 41*p - 37. Let q(f) = 2*j(f) - 11*u(f). What is q(-2)?
7
Suppose -15 - 8 = 14*c + 19. Let w(v) = 3*v**2 + 2*v + 1. Determine w(c).
22
Let i(q) = -7*q**3 + 5*q**2 - 4*q - 10. Let f(m) = -8*m**3 + 6*m**2 - 5*m - 12. Suppose -5 - 1 = l. Let x(c) = l*i(c) + 5*f(c). Calculate x(-1).
-1
Let q be ((-3)/9)/(5/(-90)). Let j(t) = -t + 2 - q + 0*t - 1. Give j(-4).
-1
Let f(y) = -y - 6. Let j = 500 + -497. Let n be (-3)/(-6)*(-16 + j - -5). What is f(n)?
-2
Let j(m) = 5*m - 51. Suppose -46 = -i + 106*l - 110*l, 2*i - 4 = 3*l. What is j(i)?
19
Suppose -42*o - 51*o + 165 = -78*o. Let k(u) be the second derivative of u**4/12 - 5*u**3/3 - 6*u**2 + 2*u. Determine k(o).
-1
Suppose 7*g + 112 = 3*g. Let u be 2/g*-46 + 4/(-14). Let r(o) = 2*o + 3. What is r(u)?
9
Let w(o) = -3*o**2 - 29*o - 220. Let x(i) = -i**2 - 10*i - 74. Let u(v) = 4*w(v) - 11*x(v). What is u(0)?
-66
Let w(i) = -2*i**3 + 22*i**2 - 16. Suppose 0 = 32*u - 6*u - 5*u - 231. What is w(u)?
-16
Suppose 5 = 3*x - 16. Let v(g) = -3*g**3 - 16*g**2 - 7*g - 51. Let f(j) = -2*j**3 - 9*j**2 - 5*j - 34. Let i(n) = -8*f(n) + 5*v(n). Calculate i(x).
3
Suppose 0 = 2*c - 12, -5*c + 370 = 5*a + 330. Let o(f) be the second derivative of -5/2*f**a + 0 + 22*f + 1/12*f**4 - 1/6*f**3. What is o(-4)?
15
Let q(j) be the third derivative of -23/6*j**3 - 3*j**2 + 0*j + 1/120*j**5 + 1/8*j**4 + 0. Let t(p) be the first derivative of q(p). What is t(-5)?
-2
Let b(k) = -4*k - 4. Let z(a) = -3*a - 3. Let p(i) = 2*b(i) - 3*z(i). Suppose g + 40 = -4*o, -g + 4*g - 2*o + 64 = 0. Let u = 26 + g. Give p(u).
3
Let j(t) = -t**3 + 6*t**2 + 18*t - 4. Let q be j(8). Let s(k) be the first derivative of -k**4/4 + 13*k**3/3 - 7*k**2 + 11*k + 122. Calculate s(q).
-13
Let w(b) = -b**2 + 28. Let i be w(0). Let a be (3/2)/(6/i). Let p(l) = 3*l - 10. Let g(n) = 2*n - 5. Let z(h) = 5*g(h) - 3*p(h). Give z(a).
12
Let m(j) be the second derivative of j**4/12 + j**3/2 + 3*j**2 - 8*j. Let l be m(-6). Let h(t) = -5*t + 4*t - 24 + l - t**2. Give h(-1).
0
Let q be 12/(-8)*4/(-2). Let f be 6 + -6 + (-1 - q). Let y(j) = -4*j**2 - 14*j - 13. Let h(i) = -2*i**2 - 7*i - 6. Let g(n) = 5*h(n) - 2*y(n). What is g(f)?
-8
Let z(h) = -4*h**2 + 4*h. Let g(x) = -3*x**2 + 4*x. Let f be (2*(-4)/2)/(-1). Suppose f*d - 2 = 3*d. Let a(w) = d*z(w) - 3*g(w). Determine a(3).
-3
Let f = 10 - 7. Let t be (-492)/(-81) + 30/(-405). Suppose -t*d = -f*d + 18. Let a(z) = -z**2 - 6*z + 1. Determine a(d).
1
Suppose -9984 = 8*x - 10032. Let b(n) = n**3 - 4*n**2 - 16*n + 18. Give b(x).
-6
Suppose -22 = -5*g + 4*x, x = 3*g + 113 - 129. Let u(t) = -t**3 + 4*t**2 + 11*t - 9. Determine u(g).
-15
Let a(p) = 4*p**2 + 0*p**3 + p**3 + 5 + p - 5*p**2 + 0*p. Let d(j) = -j**2 + 11*j - 21. Let g be d(8). Suppose g*s - 12 = -b, 2*s - 4 = s. Determine a(b).
5
Let z be -1 + (-15)/(-11) + (-1214)/11. Suppose -545 = n + 4*n. Let s = z - n. Let a(t) = 15*t**2 + t + 1. Determine a(s).
15
Let d(u) = u**2 - 4*u + 1. Let i be (-16)/(-4)*162/216. Determine d(i).
-2
Let x(q) = -14*q + 31*q - 43*q**3 - 8*q + 83*q**3 - 3 + q**2 - 41*q**3. Determine x(5).
-58
Let j(z) = z + 7. Let n(v) be the first derivative of -v**3/3 - 6*v**2 + 40*v + 48. Let d be n(3). What is j(d)?
2
Let q(u) = -u**3 - 8*u**2 - u + 1. Let h(w) = -w + 22. Let m be h(-10). Suppose -5*v - m = -v. Calculate q(v).
9
Let r(a) be the first derivative of -a**4/2 + 3*a**2/2 - 9*a - 11442. Determine r(2).
-19
Let g(x) = -3*x - 3. Let i(h) = 4*h + 3. Let f(w) = -5*g(w) - 4*i(w). Suppose 16*d - 713 = 12*d + 5*c, -4*c + 668 = 4*d. Let q = 174 - d. Calculate f(q).
1
Let r = 0 - 0. Let i(j) = 735*j - 15*j**2 - 735*j - 6 + 6*j**2 + 10*j**2. What is i(r)?
-6
Let d(c) = -2*c + 0 + 10*c - c**2 + 2*c**2 + 6. Let u be (2/(-7)*3)/((-8)/(-56)). Let f be d(u). Let i(g) = g**3 + 7*g**2 + 5*g - 2. What is i(f)?
4
Let i(r) = 0*r**2 - 7 + 1630*r - 1638*r - r**2 - 2 + 2*r**2. Let h = 9 - 20. Let j = -3 - h. Give i(j).
-9
Let d(n) = -3*n**2 + 30*n - 72. Let x(j) = -7*j**2 + 64*j - 145. Let i(c) = 5*d(c) - 2*x(c). Give i(19).
-13
Let h(s) = 17*s**3 + 2*s**2 - s - 2. Suppose -42*d - 8 = -34*d. What is h(d)?
-16
Let t be 1/(-1)*20/4. Let s be t/4 + (-180)/(-16). Let f(p) = p**3 - 9*p**2 - 12*p + 12. Calculate f(s).
-8
Let f(r) = 3 - 2 + 2*r + 3*r - 3 - 4*r**2 + 83*r**3. Let j be f(1). Let y(z) = -88*z**2 + 0*z**3 - z**3 + z + 3 + j*z**2. Give y(-6).
-3
Let f be (13/(234/(-12)))/(2/18). Let v(u) = -u**2 + 10*u + 3. Let x(k) = k**2 - 13*k - 2. Let j(l) = 6*v(l) + 5*x(l). What is j(f)?
2
Let d(m) be the third derivative of m**4/12 + 7*m**3/6 - 4*m**2 + 75*m. Determine d(-2).
3
Let g be (8/6)/((-2)/(-36)). Let b = 29 - g. Suppose -b*j - 9 = -s - 1, 8 = -3*s - j. Let m(n) = -3*n + 1. Determine m(s).
7
Let v be ((-126)/4)/((-2)/(-4)*-1). Let n = v + -59. Suppose l - 10 = -4*f, n*l - 2*f + 2 = -12. Let q(h) = 2*h**3 + h**2 - h - 1. Calculate q(l).
-11
Let k(x) be the first derivative of x**3/3 - 5*x**2 + 9*x - 5626. Give k(6).
-15
Let s be (0 - 1)*(-22 + 15). Let p(z) = 1 + 5*z + 0 - 9 - s*z**2 + z**3. Give p(6).
-14
Let q(f) = 43 + f**2 - 13 - 19 - 2*f**3 - f - 13 + 3*f**3. What is q(0)?
-2
Let w(x) = 15*x**2 + 488107*x**3 - 6*x + 134 - 488108*x**3 - 17*x. Give w(14).
8
Suppose 20 = -5*z + z. Let n(i) be the second derivative of -1/6*i**3 - 11/2*i**2 + 0 + 36*i. Determine n(z).
-6
Let y(h) = h**3 - 6*h**2 + 6*h - 11. Let z be (5 - 2)/1 + 25. Suppose -2*a - 3 = -n - 2, z = 4*n + 4*a. Determine y(n).
-6
Let s(r) = 393*r + 1. Let b be s(0). Let d(z) = 29*z - 39. What is d(b)?
-10
Let c = -7 + -61. Suppose -34 = r + 3*w + 22, 5*r + 2*w = -345. Let k = c - r. Let v(n) = -n**2 - n + 1. Determine v(k).
-11
Let w(o) be the second derivative of o**4/12 - 11*o**3/6 + 23*o**2/2 - 8*o + 17. Determine w(6).
-7
Let q(g) = g**3 + 7*g**2 + 11*g + 18. Let t be q(-4). Let p(o) be the first derivative of 3*o - 5/2*o**2 - 1/3*o**3 - t. Determine p(-5).
3
Let t(y) = -16 + 3 + 4 - 3*y + 9. Let u(h) = -9*h + 1. Let d(i) = -6*t(i) + 3*u(i). Give d(3).
-24
Let a(n) = 146*n + 154*n - 302*n. Let p(x) = -4*x + 1. Let y(j) = -5*a(j) + 2*p(j). What is y(3)?
8
Let v(w) = -24*w + 27 + 59 + 8 + 2*w + 16. Give v(5).
0
Let m(h) = -h - 14. Let b = 63 - 7. Let p be b/(-5 - 2) + 3. Determine m(p).
-9
Let n(p) = p**2 - 6*p - 1. Suppose 3732 = 28*f - 1476. Suppose 0 = f*r - 193*r + 42. Determine n(r).
-1
Suppose -71*k = -73*k + 10. Let g(m) be the first derivative of m**4/4 - 2*m**3 + 3*m**2/2 + 9*m - 101. Give g(k).
-1
Let s(p) = -p**2 + 4*p + 2. Let x(g) = 3*g**2 - 9*g - 21. Let i(z) = 6*s(z) + x(z). Calculate i(2).
9
Let r(s) be the second derivative of -19*s**5/5 + s**3/6 + s**2/2 + 6*s - 83. Calculate r(-1).
76
Let i(q) = -5*q**2 - 2*q - 4. Let t be (1 + (-55)/25)*(-30)/(-9). Let v(p) = p**2 + 1. Let w(y) = t*v(y) - i(y). Give w(-3).
3
Let w be 28/(-4)*(-36)/14. Suppose -b - 86 - w = 3*f, -312 = 3*b + 4*f. Let a = -101 - b. Let t(p) = 3*p - 4. Give t(a).
5
Suppose p + 2*p + 153 = 0. Let o = p - -53. Let b(w) = -w**o + 7*w + 0*w**2 - 6*w + 3*w - 2. Calculate b(3).
1
Let r(a) = -a + 10. Let d(t) = -3*t**2 - 3*t - 1. Let m be d(-3). Let w = -19 - m. Calculate r(w).
10
Suppose -4*p + 2*p - 21 = -5*b, -p = -3*b + 10. Let i = p + 9. Let u(t) be the second derivative of t**3/2 + 2*t**2 - 36*t - 6. Give u(i).
-8
Let h(s) be the second derivative of 5*s**3/6 + s**2/2 - 148*s. Let n be -7 - 276/(-42) - (-8)/(-14). What is h(n)?
-4
Let n(u) = -6*u - 5. Let j(x) = 13*x + 13. Let d(m) = -4*j(m) - 9*n(m). Let w = 39 - 28. What is d(w)?
15
Let f(a) = 17*a**3 + 9*a**2 - 33*a - 20. Let x(q) = -47*q**3 - 27*q**2 + 96*q + 56. Let t(o) = -11*f(o) - 4*x(o). Determine t(-9).
185
Let f(t) be the second derivative of t**3/3 - 2*t**2 + 4*t. Suppose 411 = -2*o - 75. Let b = 239 + o. What is f(b)?
-12
Suppose 0 = -2*j - a + 7, 2*j - 3*a - 1 = -6. Let d(h) = h - j*h + 3*h - 3*h. Suppose -4*l = 20, -6 + 15 = -b - l. Calculate d(b).
4
Let s(a) = a**3 - 18*a**2 - 19*a - 7. Let v(r) be the second derivative of -r**4/4 + 13*r**3/2 + 19*r**2/2 + 2*r - 9. Let y be v(13). Calculate s(y).
-7
Let b = 212 + -212. Let t(y) be the second derivative of y**2 + 1/3*y**3 - 16*y + b. What is t(5)?
12
Let c be 0/(0 + (-2 - 0)). Let v(w) = w**3 - 5*w**2 - 7*w + 8. Let q be v(6). Let s(i) = -3*i**3 - i**2 - i**2 + i + q*i**3 + c*i**3. Wha